1150?
46
What is the highest common factor of 50 and 12378?
2
Calculate the highest common factor of 807155 and 10.
5
Calculate the highest common divisor of 1352 and 15041.
169
Calculate the greatest common factor of 225 and 614403.
9
What is the greatest common factor of 3426 and 2379357?
1713
Calculate the greatest common factor of 30 and 248135.
5
What is the highest common factor of 549 and 500139?
549
Calculate the highest common divisor of 1492 and 15500388.
1492
What is the greatest common factor of 26668 and 1180?
236
Calculate the highest common factor of 138255 and 65.
65
What is the greatest common factor of 11736 and 254769?
489
Calculate the greatest common divisor of 2397 and 4512.
141
Calculate the highest common factor of 14079 and 13013.
13
Calculate the highest common factor of 50 and 35360.
10
What is the highest common factor of 17 and 1123751?
17
What is the greatest common factor of 5588 and 836?
44
Calculate the highest common divisor of 124701 and 1773.
591
What is the highest common factor of 83049 and 228?
57
Calculate the greatest common factor of 344 and 14362.
86
Calculate the highest common factor of 426261 and 33.
33
What is the highest common divisor of 339 and 207?
3
Calculate the highest common divisor of 34660 and 1780.
20
Calculate the greatest common factor of 1950 and 104.
26
What is the highest common factor of 204 and 6867116?
68
What is the greatest common factor of 39250 and 1256?
314
What is the highest common factor of 66 and 28149?
33
What is the greatest common factor of 57741 and 3306?
57
What is the highest common divisor of 372103 and 1251?
139
Calculate the highest common factor of 910 and 39910.
130
Calculate the highest common factor of 601046 and 38.
38
What is the greatest common factor of 219535 and 230?
115
What is the greatest common factor of 12 and 11631?
3
What is the greatest common divisor of 399009 and 351?
39
Calculate the highest common divisor of 1722 and 2408217.
861
Calculate the highest common factor of 457 and 1023680.
457
What is the highest common divisor of 13328 and 36848?
784
What is the highest common factor of 1285 and 6939?
257
What is the greatest common factor of 14060 and 189620?
380
Calculate the highest common factor of 305 and 73078.
61
Calculate the greatest common factor of 428 and 1960882.
214
Calculate the greatest common divisor of 8 and 408116.
4
Calculate the greatest common divisor of 340 and 861815.
85
Calculate the greatest common factor of 267 and 906376.
89
What is the greatest common divisor of 212 and 802420?
212
What is the greatest common factor of 468 and 6230484?
468
What is the greatest common factor of 15 and 20313?
3
Calculate the highest common divisor of 16 and 3312040.
8
What is the highest common divisor of 3840 and 15040?
320
Calculate the highest common divisor of 2860 and 7205.
55
What is the highest common divisor of 342 and 2022?
6
What is the greatest common factor of 130550 and 4025?
175
What is the highest common factor of 24 and 290184?
24
What is the greatest common divisor of 503745 and 22?
11
Calculate the greatest common factor of 518 and 214193.
259
Calculate the highest common factor of 212 and 20036.
4
What is the highest common factor of 718476 and 1452?
132
Calculate the greatest common factor of 344 and 76970.
86
Calculate the greatest common divisor of 1600 and 19550.
50
What is the highest common divisor of 599567 and 127?
127
What is the greatest common divisor of 3395 and 7385?
35
Calculate the greatest common divisor of 3783 and 1406015.
1261
What is the greatest common divisor of 1015 and 207872?
203
Calculate the highest common factor of 684 and 50312.
76
What is the highest common divisor of 404082 and 378?
378
Calculate the highest common factor of 42 and 1374.
6
What is the highest common factor of 4830 and 50190?
210
Calculate the greatest common factor of 12 and 13204.
4
Calculate the greatest common factor of 336 and 25368.
168
Calculate the highest common factor of 15500 and 1375.
125
What is the greatest common divisor of 2145 and 178827?
33
Calculate the greatest common divisor of 1662298 and 242.
242
Calculate the highest common factor of 1514 and 398.
2
What is the greatest common factor of 85 and 118915?
85
What is the highest common divisor of 8998990 and 1820?
910
Calculate the highest common factor of 1349058 and 2418.
186
Calculate the greatest common factor of 26 and 101751.
13
What is the greatest common factor of 114 and 5757?
57
What is the highest common divisor of 90 and 219?
3
Calculate the greatest common divisor of 138 and 897.
69
What is the greatest common factor of 118052 and 1276?
44
Calculate the highest common divisor of 292690 and 50.
10
What is the highest common factor of 320 and 7377920?
320
Calculate the highest common divisor of 207135 and 1035.
45
Calculate the highest common factor of 11749 and 651.
31
What is the highest common divisor of 126 and 657804?
42
What is the highest common factor of 42528 and 23479?
443
What is the highest common divisor of 4563 and 1431?
27
Calculate the greatest common factor of 8 and 9879736.
8
What is the greatest common factor of 3390 and 7345?
565
What is the highest common divisor of 7097 and 453?
151
What is the highest common divisor of 807253 and 57?
19
Calculate the highest common divisor of 25 and 168325.
25
What is the highest common factor of 448 and 22260?
28
What is the greatest common divisor of 19610 and 25546?
106
Calculate the highest common divisor of 18 and 174.
6
Calculate the highest common divisor of 157274 and 92.
46
What is the greatest common factor of 2413 and 3515?
19
What is the highest common divisor of 121655 and 725?
145
Calculate the highest common factor of 2601 and 2737.
17
Calculate the highest common factor of 2795 and 3053.
43
What is the highest common divisor of 1296 and 3792?
48
What is the greatest common divisor of 1091208 and 456?
456
Calculate the greatest common factor of 16896 and 1848.
264
Calculate the highest common divisor of 118215 and 37.
37
What is the greatest common factor of 36838 and 339?
113
What is the greatest common divisor of 124 and 853213?
31
Calculate the highest common factor of 347040 and 504.
72
What is the highest common factor of 144 and 112?
16
Calculate the greatest common factor of 69984 and 44928.
864
What is the greatest common factor of 16 and 129264?
16
What is the highest common factor of 30 and 9720?
30
What is the highest common factor of 2088 and 13896?
72
What is the greatest common divisor of 14 and 79471?
7
What is the highest common divisor of 452183 and 794?
397
Calculate the greatest common divisor of 656 and 689456.
656
Calculate the greatest common divisor of 17588 and 32.
4
Calculate the greatest common divisor of 109532 and 5143.
139
What is the greatest common factor of 7 and 18263?
7
Calculate the highest common factor of 5630 and 10.
10
What is the highest common divisor of 2042 and 282?
2
What is the highest common factor of 138 and 219144?
138
What is the highest common factor of 996 and 788?
4
What is the highest common divisor of 324 and 121248?
36
What is the highest common factor of 191148 and 48?
12
Calculate the highest common divisor of 14126 and 14.
14
Calculate the highest common factor of 333 and 36387.
9
Calculate the greatest common divisor of 13787 and 510.
17
What is the greatest common divisor of 16915 and 1275?
85
Calculate the highest common factor of 1544 and 21848.
8
Calculate the highest common divisor of 333 and 14208.
111
Calculate the highest common divisor of 16099 and 160043.
947
Calculate the highest common divisor of 96093 and 111.
3
Calculate the highest common divisor of 3996 and 36612.
108
Calculate the highest common factor of 43053 and 39.
3
What is the greatest common factor of 103 and 90949?
103
What is the highest common factor of 8701 and 5989?
113
What is the greatest common divisor of 609 and 3?
3
Calculate the highest common factor of 30 and 84400.
10
Calculate the greatest common factor of 5440 and 1367616.
1088
Calculate the highest common factor of 2947269 and 169.
13
Calculate the highest common factor of 218 and 105403.
109
What is the highest common divisor of 628320 and 1275?
255
Calculate the gr